at is the hundreds digit of o(0)?
1
Let n(d) = -2*d**3 + 145*d**2 + 86*d + 79. What is the hundreds digit of n(73)?
0
Suppose 3*f = 29 - 89. What is the units digit of ((-24)/f*-1)/((-2)/40)?
4
What is the hundreds digit of 14/4*22896/36?
2
Let x = 6 - 60. Let r = x + 110. What is the tens digit of r?
5
Let i(k) = -k**3 - 3*k**2 + 13*k + 16. Let n be i(-9). Suppose -4*u = 97 - n. What is the tens digit of u?
7
Suppose 0 = -45*r + 59*r - 55342. What is the thousands digit of r?
3
Let s(v) = 43*v**2 - 23*v + 7. Let b(j) = 11*j**2 - 6*j + 2. Let p(g) = 9*b(g) - 2*s(g). What is the units digit of p(3)?
7
Let q be (-1)/(-5) + 4/5. Let f(m) = 85*m. What is the units digit of f(q)?
5
Let d = -13 + 13. Suppose -4*u + 3*u + 62 = d. What is the units digit of u?
2
Let s(n) = 100*n + 96. Let p(k) = 20*k + 19. Let d(o) = -11*p(o) + 2*s(o). What is the hundreds digit of d(-7)?
1
Let v = -4714 + 7562. What is the thousands digit of v?
2
Suppose -8195 = -5*b - 16*v + 11*v, -4*b + 6532 = -4*v. What is the tens digit of b?
3
Let m(b) = -3*b**3 + b**2 + 4*b + 7. Let o be m(-3). Suppose -o = -4*z + 91. What is the units digit of z?
4
Suppose 4*c - 80 = 4*u, -7*c + 23 = -u - 3*c. Let p = 21 - u. What is the tens digit of p?
4
Let t be 15/(-9) + (-2)/(-3). Let g be (24/(-40))/(t/65). Let a = g + -11. What is the tens digit of a?
2
Let f(b) = -b**2 + 8*b + 8. Let k be 4/(-26) + 786/39. Let j = k + -12. What is the units digit of f(j)?
8
Let o = 454 + 28. What is the hundreds digit of o?
4
What is the units digit of ((-10740)/(-35))/3*(-21)/(-6)?
8
Let y = 16 - 14. Let x = y + 29. What is the tens digit of x?
3
Suppose 577*h = 570*h + 31787. What is the hundreds digit of h?
5
Suppose -2*w - 3*w = 0. Suppose -n + w = -48. Suppose u - n = -u. What is the units digit of u?
4
Suppose 1326 = -157*d + 163*d. What is the hundreds digit of d?
2
Let q = 250 - -481. What is the hundreds digit of q?
7
Suppose 2*m + 5 = 2*z + 1, 4*m + 23 = z. Let r(a) = -a**3 - 6*a**2 + 6*a + 5. Let k be r(m). Suppose -7*q = -k*q + 5. What is the units digit of q?
1
Suppose j = -0*j + 4. Suppose -j*c - 140 = -2*c. What is the units digit of ((-20)/25)/(4/c)?
4
Let u be (6/4)/(6/56). What is the units digit of 510/u - 4/(-7)?
7
Suppose 34*j - 4390 = 7918. What is the units digit of j?
2
Suppose 84 + 84 = -7*l. Let d = 26 + l. Suppose x = 2*m + 2*m - 138, 0 = -m - d*x + 39. What is the units digit of m?
5
Let g(x) = -x**3 - 7*x**2 + 7*x - 4. Let h be g(-8). Suppose 526 = 4*v + h*u + 50, 0 = -2*u + 6. Suppose v = 2*a + 2*a. What is the units digit of a?
9
Let p(d) = d**2 + 5*d - 11. Let b be p(7). Suppose x = -5*f + 177, b + 80 = 4*f - 3*x. What is the units digit of f?
6
Let f(l) = l**3 + 5*l**2 - 7*l - 1. Let a be (44/14)/(4/28). Suppose 2*z - a = 5*c, 0 = 3*c + 5*z - 2*z + 30. What is the units digit of f(c)?
5
Let d = 1742 - 509. What is the units digit of d?
3
Let q be ((-18)/21)/((-1)/(-21)). Suppose -14*s - 626 = -122. What is the units digit of (-1263)/q + 6/s?
0
Let k be 21/(-9)*3*-1. Let o(m) = -57*m - 3. Let g(y) = -28*y - 1. Let q(x) = k*g(x) - 3*o(x). What is the tens digit of q(-1)?
2
Suppose -84 - 33 = 3*z. Let c = z - -70. What is the units digit of c?
1
Let y(v) = v**2 + 3*v + 12. Let f be y(-3). Suppose 2*c = f + 90. What is the units digit of c?
1
What is the units digit of -35 - -28 - (1 - 1042)?
4
Let s = -2314 - -4305. What is the thousands digit of s?
1
Let t = 6862 - 4150. What is the units digit of t?
2
Suppose 0 = -0*i + 2*i - 12. Suppose 3*w = i*w. Suppose -4*x + 80 = -w*x. What is the units digit of x?
0
Let y(n) = -30*n + 422. What is the units digit of y(8)?
2
Let q(f) = f**2 + 16*f - 192. What is the units digit of q(-42)?
0
Let d(g) = 117*g. What is the hundreds digit of d(1)?
1
Let p(s) = 4*s + 2. Let f(q) = 4*q + 1. Let i(k) = 2*f(k) - 3*p(k). What is the tens digit of i(-10)?
3
Let y be 12/84 - 1076/(-14). Let c = 8 + y. What is the tens digit of c?
8
Suppose 8*l = -7*l + 15315. What is the units digit of l?
1
Let z = 64 - 98. Let o = z + 86. Let b = o + -29. What is the units digit of b?
3
What is the tens digit of ((-279)/21)/(7/(-49))?
9
What is the tens digit of 9/(-21) + 870/21?
4
What is the tens digit of -1*4/2 - -108?
0
Suppose -17*v = -1627 - 26695. What is the units digit of v?
6
Suppose -3*s - 5*k - 28 = 0, 5*s - 4*s + 20 = k. What is the units digit of s/(-72) - 2408/(-18)?
4
Suppose 5*t - w - 191 = 0, 3*t - 5*w = 55 + 42. Suppose -t = -3*b + 81. What is the tens digit of b?
4
Suppose 0 = -4*i + 3*d - 5*d + 14010, 5*d + 14017 = 4*i. Suppose 773 = -13*s + i. What is the units digit of s?
0
Suppose 4*z - 5*o - 2575 = 0, -2*z = -z - o - 644. What is the tens digit of z?
4
Let d(x) = -x + 5. Let v be d(3). Suppose -2*p + p = -5*f - 36, 0 = v*p + 2*f - 12. Suppose -15 = -i + p. What is the tens digit of i?
2
Suppose 5*y + 114 = 4*z + 531, -3*y + 263 = 4*z. Let p = y + 12. What is the units digit of p?
7
Let x(a) = 3*a + 24. Let n be x(-7). Suppose -n*d + d + 132 = 0. What is the units digit of d?
6
Let c(q) = -13*q**3 - 3*q**2 - 5*q + 10. What is the hundreds digit of c(-4)?
8
Let z be 20/16*4 - 1. Suppose z*o = 4*c - 48, -4*o + 16 = -5*c + 71. What is the units digit of c?
7
What is the tens digit of (1/(-2) + (-30)/(-4))*191?
3
Let s(j) = -3*j + 30. Let o(k) = -5*k + 61. Let l(y) = 4*o(y) - 7*s(y). What is the units digit of l(0)?
4
Let j(l) = -l**3 + 15*l**2 + 16*l + 2. Let y be j(16). Suppose 5 = -y*o - 3*o, -2*c + 52 = -2*o. What is the units digit of c?
5
Let s = -911 - -1772. Suppose 96 = -5*v + s. What is the tens digit of v?
5
What is the thousands digit of -5 + 0 + -5 + 1380?
1
Suppose -463 = -s - 3*z, 5*s + 2*z - 2265 = -3*z. What is the units digit of s?
8
Suppose -2*t = 0, -5*c + 15 = -3*t + 6*t. Let m(l) = -l + 37. What is the tens digit of m(c)?
3
Suppose i + 82 = -74. Let l = i + 230. Let q = l - 48. What is the units digit of q?
6
Let r be (-5 + 16)/(0 + -1). What is the units digit of -1 - (0 - -3)*r?
2
Suppose -14 = -4*p - 4*q + 74, -4*p - q = -82. Let l = -20 + p. Suppose s - 4*s + 6 = l. What is the units digit of s?
2
Suppose -v + 244 + 212 = 0. What is the units digit of v?
6
What is the hundreds digit of (-3328)/(-12) - (-12)/18?
2
Let z(s) = -5*s + 18. Let k be z(3). Suppose k*y - 5 = 7, 3*b + 4*y = 73. What is the units digit of b?
9
Let k = -1283 - -1828. What is the units digit of k?
5
Suppose -1663 + 487 = -3*o. What is the hundreds digit of o?
3
Let a = 250 - 150. Let f = -28 + a. What is the units digit of f?
2
Let a(p) = -p**3 - 9*p**2 - 8*p + 6. Let d be a(-8). Let t be (3 - 0) + 306/d. Let f = -22 + t. What is the tens digit of f?
3
Let f be 1/(-2)*(-1 - -1). Let k = -61 - -92. Suppose f*m + k = m. What is the units digit of m?
1
Let t be (0/(-1) + 14/7)*1. Suppose t*n + s = 332, -3*n + 6*s + 524 = s. What is the tens digit of n?
6
Suppose 38*n = 19*n + 17841. What is the hundreds digit of n?
9
Let c be (-1 + -3 - 1)/1. Let x be (c + 0)*(-63)/35. What is the tens digit of (12/x)/(2/33)?
2
Let v(z) = -z**2 - 48*z - 6. What is the hundreds digit of v(-36)?
4
Suppose z - 2*k = 284, -5*z - k = -2*k - 1465. What is the tens digit of z?
9
Suppose -215*x = -228*x + 19643. What is the hundreds digit of x?
5
Let a = 83 - 52. Suppose -2*k - 33 - 27 = 4*z, 0 = -k - z - a. Let i = 79 + k. What is the tens digit of i?
4
Let p = -37 + 42. Suppose 7*b + 420 = 4*i + 3*b, 530 = p*i - 4*b. What is the hundreds digit of i?
1
Let r(y) = y**3 - 6*y**2 - 5*y - 3. Let b be r(7). Let c = -8 + b. Suppose 5*d + 3*a - 55 = d, 0 = -c*a + 3. What is the units digit of d?
3
Let c(u) = -161*u + 95. What is the tens digit of c(-12)?
2
Let r(k) be the first derivative of -k**4/24 - 5*k**3/6 + 3*k**2/2 - 5. Let q(p) be the second derivative of r(p). What is the units digit of q(-8)?
3
Let u(p) = 39*p - 497. What is the tens digit of u(16)?
2
Let u = 2303 - 503. What is the tens digit of u?
0
Suppose 32*r - 35*r = -957. What is the units digit of r?
9
Let b = 8 - 0. Suppose 5*h = 28 - b. Suppose -3*z - 3*o + 29 = -4, -h*o = 5*z - 60. What is the units digit of z?
6
What is the tens digit of 236588/342 + (-1 - (-22)/18)?
9
Let f = -1 - -4. Let z be 1 + (f - 4) + 2. Suppose -z*v + 5*v = 45. What is the tens digit of v?
1
Let k(p) = -60*p - 7. Let v be k(